{"id":712,"date":"2020-05-20T11:14:57","date_gmt":"2020-05-20T11:14:57","guid":{"rendered":"http:\/\/www.musikhaus-ammann.ch\/?page_id=712"},"modified":"2025-12-15T11:12:47","modified_gmt":"2025-12-15T11:12:47","slug":"n3x","status":"publish","type":"page","link":"https:\/\/www.musikhaus-ammann.ch\/","title":{"rendered":"Home"},"content":{"rendered":"\n<p class=\"has-black-color has-text-color has-x-large-font-size\"><strong>Die neu Kawai Novus Serie ist da!<\/strong> <strong>Wir haben das Kawai NV6 und das Kawai NV12 f\u00fcr euch in der Ausstellung spielbereit. Wir bieten auch intressante Miet-Kauf oder Eintausch Varianten an, frage uns an oder komm gerne vorbei!<\/strong><\/p>\n\n\n\n<figure class=\"wp-block-embed is-type-video is-provider-youtube wp-block-embed-youtube wp-embed-aspect-16-9 wp-has-aspect-ratio\"><div class=\"wp-block-embed__wrapper\">\n<iframe loading=\"lazy\" title=\"Kawai Novus NV12 Hybrid Piano | Concept Video\" width=\"780\" height=\"439\" src=\"https:\/\/www.youtube.com\/embed\/W3cY9i6S2k4?feature=oembed\" frameborder=\"0\" allow=\"accelerometer; autoplay; clipboard-write; encrypted-media; gyroscope; picture-in-picture; web-share\" referrerpolicy=\"strict-origin-when-cross-origin\" allowfullscreen><\/iframe>\n<\/div><\/figure>\n\n\n\n<p class=\"has-black-color has-text-color has-link-color has-medium-font-size wp-elements-d9deadb41e5711a3ccdf4b02601b8e94\"><strong> <\/strong>\ud83c\udfb9&nbsp;<strong>Kawai Novus NV12 \u2013 Das neue Zeitalter des Hybrid-Fl\u00fcgels<\/strong><\/p>\n\n\n\n<p class=\"has-black-color has-text-color has-link-color has-medium-font-size wp-elements-ac3c9da596d9748cbdd65951a2b706da\"><strong>Erh\u00e4ltlich im Musikhaus Ammann<\/strong><\/p>\n\n\n\n<p class=\"has-black-color has-text-color has-medium-font-size\">Erleben Sie den Klang, das Spielgef\u00fchl und die Sch\u00f6nheit eines echten Konzertfl\u00fcgels \u2013 in einer Form, die moderner nicht sein k\u00f6nnte.<br>Das&nbsp;<strong>Kawai Novus NV12<\/strong>, erh\u00e4ltlich im&nbsp;<strong>Musikhaus Ammann<\/strong>, ist der bahnbrechende Nachfolger des preisgekr\u00f6nten NV10S und verk\u00f6rpert die perfekte Symbiose aus traditioneller Handwerkskunst und innovativer Audiotechnologie.<\/p>\n\n\n\n<p class=\"has-black-color has-text-color has-medium-font-size\">Mit seinem elegant neu gestalteten Fl\u00fcgelgeh\u00e4use, der echten&nbsp;<strong>Millennium III Hybrid-Fl\u00fcgelmechanik<\/strong>&nbsp;und dem revolution\u00e4ren&nbsp;<strong>PentaDrive-Resonanzbodensystem<\/strong>&nbsp;hebt das NV-12 das Erlebnis des Klavierspiels auf eine v\u00f6llig neue Ebene. Kein Lautsprecher \u2013 nur pure Resonanz, die den gesamten K\u00f6rper des Instruments zum Klingen bringt und den Raum mit einem authentisch fl\u00fcgel\u00e4hnlichen Klang erf\u00fcllt.<\/p>\n\n\n\n<p class=\"has-black-color has-text-color has-medium-font-size\">Das NV12 bietet mehr als nur Klangperfektion. Der neue&nbsp;<strong>Shigeru Kawai SK-EX Competition Fl\u00fcgelklang<\/strong>&nbsp;und die weiterentwickelte&nbsp;<strong>SK-EX Rendering-Technologie<\/strong>&nbsp;er\u00f6ffnen eine Klangwelt von beeindruckender Tiefe, Brillanz und Ausdruckskraft. Erg\u00e4nzt wird dies durch modernste Ausstattung: ein blendfreier&nbsp;<strong>5-Zoll-Touchscreen<\/strong>,&nbsp;<strong>Bluetooth\u00ae MIDI &amp; Audio 5.0<\/strong>,&nbsp;<strong>USB-C-Audio-Interface<\/strong>&nbsp;sowie intelligente Funktionen zur individuellen Klanggestaltung \u00fcber den&nbsp;<strong>Virtual Piano Artisan<\/strong>.<\/p>\n\n\n\n<p class=\"has-black-color has-text-color has-medium-font-size\">Mit seinem edlen Design, seiner \u00fcberragenden Mechanik und seinem unvergleichlich nat\u00fcrlichen Klang ist das&nbsp;<strong>Novus NV-12<\/strong>&nbsp;mehr als ein Instrument \u2013<br>es ist eine Hommage an den Fl\u00fcgel und die Zukunft des Klavierspiels.<\/p>\n\n\n\n<p class=\"has-black-color has-text-color has-medium-font-size\">Entdecken Sie das&nbsp;<strong>Kawai Novus NV12<\/strong>&nbsp;jetzt im&nbsp;<strong>Musikhaus Ammann<\/strong>&nbsp;\u2013<br><strong>einem der gr\u00f6ssten Ausstellungszentren der Schweiz f\u00fcr Digitalpianos, Fl\u00fcgel und Klaviere.<\/strong><br>Lassen Sie sich von einer einzigartigen Auswahl inspirieren und erleben Sie ein Klavier, das die Grenzen zwischen Akustik und Digitalit\u00e4t neu definiert.<\/p>\n\n\n\n<figure class=\"wp-block-embed is-type-video is-provider-youtube wp-block-embed-youtube wp-embed-aspect-16-9 wp-has-aspect-ratio\"><div class=\"wp-block-embed__wrapper\">\n<iframe loading=\"lazy\" title=\"Kawai Novus NV6 Hybrid Piano | Concept Video\" width=\"780\" height=\"439\" src=\"https:\/\/www.youtube.com\/embed\/hKRKflW6xYI?feature=oembed\" frameborder=\"0\" allow=\"accelerometer; autoplay; clipboard-write; encrypted-media; gyroscope; picture-in-picture; web-share\" referrerpolicy=\"strict-origin-when-cross-origin\" allowfullscreen><\/iframe>\n<\/div><\/figure>\n\n\n\n<h2 class=\"wp-block-heading has-black-color has-text-color has-link-color wp-elements-9c17a37395b2f80d99adf574c96022be\">\ud83c\udfb9&nbsp;<strong>Kawai Novus NV6 \u2013 Akustik trifft Innovation<\/strong><\/h2>\n\n\n\n<p class=\"has-black-color has-text-color has-link-color has-medium-font-size wp-elements-7ed54b3d708eb53c153c25e04dc8b1b6\"><strong>Erleben Sie es live im Musikhaus Ammann<\/strong><\/p>\n\n\n\n<p class=\"has-black-color has-text-color has-link-color has-medium-font-size wp-elements-fb37ed20d19859190e4963c31f4f7a21\">Das neue&nbsp;<strong>Kawai Novus NV6<\/strong>&nbsp;vereint die Sch\u00f6nheit traditioneller Klavierbaukunst mit wegweisender Digitaltechnologie \u2013 f\u00fcr Pianistinnen und Pianisten, die keine Kompromisse eingehen m\u00f6chten.<\/p>\n\n\n\n<p class=\"has-black-color has-text-color has-link-color has-medium-font-size wp-elements-71d8719c343f2402f4adf24cace0fa0e\">Als Nachfolger des beliebten NV5S bringt das NV-6 das Spielgef\u00fchl und die Ausdruckskraft eines akustischen Klaviers in eine neue digitale \u00c4ra. Ausgestattet mit der branchenf\u00fchrenden&nbsp;<strong>Millennium III Hybrid-Klaviatur<\/strong>, dem echten&nbsp;<strong>D\u00e4mpfermechanismus<\/strong>&nbsp;und der neuesten&nbsp;<strong>SK-EX Rendering\u2122 Sound-Engine<\/strong>, bietet das NV6 ein unvergleichlich realistisches Klangerlebnis.<\/p>\n\n\n\n<p class=\"has-black-color has-text-color has-link-color has-medium-font-size wp-elements-bb561b596f29753ae46fded53f98ccc7\">Erleben Sie den brillanten neuen&nbsp;<strong>SK-EX Competition Fl\u00fcgelklang<\/strong>, aufgenommen aus der Perspektive des Pianisten, und genie\u00dfen Sie die exzellente Audioqualit\u00e4t \u00fcber das verbesserte&nbsp;<strong>Lautsprechersystem mit Resonanzbodentechnologie<\/strong>. Dank innovativer&nbsp;<strong>Bluetooth\u00ae 5 MIDI\/Audio<\/strong>,&nbsp;<strong>USB-C-Audio-Interface<\/strong>&nbsp;und einem modernen&nbsp;<strong>blendfreien Touchscreen<\/strong>ist das NV6 so flexibel wie leistungsf\u00e4hig.<\/p>\n\n\n\n<p class=\"has-black-color has-text-color has-link-color has-medium-font-size wp-elements-93b671dc925bc03d6b75a3b166ef9082\">Mit seinem eleganten, kompakten Geh\u00e4use \u2013 gefertigt in der gleichen Klaviermanufaktur wie Kawais renommierte \u201eK\u201c-Serie \u2013 f\u00fcgt sich das NV6 harmonisch in jeden Raum ein und beweist: Gro\u00dfe Klangkunst braucht nicht viel Platz.<\/p>\n\n\n\n<p class=\"has-black-color has-text-color has-link-color has-medium-font-size wp-elements-70da709b0764384a8e4404d189ae2cd4\">\ud83c\udfb6&nbsp;<strong>Tradition, die ber\u00fchrt. Technik, die begeistert.<\/strong><br>Entdecken Sie das&nbsp;<strong>Kawai Novus NV-6<\/strong>&nbsp;jetzt im&nbsp;<strong>Musikhaus Ammann<\/strong>&nbsp;\u2013<br><strong>einem der gr\u00f6ssten Ausstellungszentren der Schweiz f\u00fcr Digitalpianos, Fl\u00fcgel und Klaviere.<\/strong><br>Tauchen Sie ein in eine Welt voller Klang, Design und Inspiration \u2013 und erleben Sie, wie sich echtes Klavierspiel anf\u00fchlen und anh\u00f6ren kann.<\/p>\n\n\n\n<p class=\"has-black-color has-text-color has-link-color has-x-large-font-size wp-elements-76178d3c7d92acb35e92cd771c291d07\"><strong>Digitalpiano mieten, kaufen und spielen!<\/strong> <strong>Teste dein Wunschinstrument, miete es und wenn du es kaufen m\u00f6chtest, rechnen wir dir die bezahlten Mieten zu 100%                         am Kaufpreis an!<\/strong> <strong>Yamaha, Kawai, Roland und viele mehr&#8230;..<\/strong><\/p>\n\n\n\n<p class=\"has-black-color has-text-color has-link-color has-x-large-font-size wp-elements-dc268f744278d522a274318ef4d2209f\"><strong>Top Digitalpiano Mietangebote<\/strong>:<\/p>\n\n\n\n<p class=\"has-black-color has-text-color has-link-color has-x-large-font-size wp-elements-da679756e2080ed63ce77cd94f7b9a2f\"><strong>Yamaha<\/strong> <strong>CLP 835  Miete ab 83.- pro Monat <\/strong><\/p>\n\n\n\n<figure class=\"wp-block-embed is-type-video is-provider-youtube wp-block-embed-youtube <iframe width=&quot;1200&quot; height=&quot;675&quot; src=&quot;https:\/\/www.youtube.com\/embed\/rkG2NZyeU20&quot; title=&quot;Yamaha Clavinova CLP-835 Digital Piano Overview&quot; frameborder=&quot;0&quot; allow=&quot;accelerometer; autoplay; clipboard-write; encrypted-media; gyroscope; picture-in-picture; web-share&quot; referrerpolicy=&quot;strict-origin-when-cross-origin&quot; allowfullscreen&gt;<\/iframe&gt; wp-embed-aspect-16-9 wp-has-aspect-ratio\"><div class=\"wp-block-embed__wrapper\">\n<iframe loading=\"lazy\" title=\"Yamaha Clavinova CLP-835 Digital Piano Overview\" width=\"780\" height=\"439\" src=\"https:\/\/www.youtube.com\/embed\/rkG2NZyeU20?feature=oembed\" frameborder=\"0\" allow=\"accelerometer; autoplay; clipboard-write; encrypted-media; gyroscope; picture-in-picture; web-share\" referrerpolicy=\"strict-origin-when-cross-origin\" allowfullscreen><\/iframe>\n<\/div><\/figure>\n\n\n\n<p class=\"has-black-color has-text-color has-link-color has-x-large-font-size wp-elements-c6fa827e480ea55469f7e94aa59022b4\"><strong>Yamaha<\/strong> <strong>CLP 845 Miete ab 110.- pro Monat<\/strong><\/p>\n\n\n\n<figure class=\"wp-block-embed is-type-video is-provider-youtube wp-block-embed-youtube wp-embed-aspect-16-9 wp-has-aspect-ratio\"><div class=\"wp-block-embed__wrapper\">\n<iframe loading=\"lazy\" title=\"Yamaha Clavinova CLP-845 Digital Piano Overview\" width=\"780\" height=\"439\" src=\"https:\/\/www.youtube.com\/embed\/KDYSDee5wNU?feature=oembed\" frameborder=\"0\" allow=\"accelerometer; autoplay; clipboard-write; encrypted-media; gyroscope; picture-in-picture; web-share\" referrerpolicy=\"strict-origin-when-cross-origin\" allowfullscreen><\/iframe>\n<\/div><\/figure>\n\n\n\n<p class=\"has-black-color has-text-color has-link-color has-x-large-font-size wp-elements-3aefd15d1cd7d0a9d88fe4e7320ee5e0\"><strong>Roland HP 702<\/strong> <strong>Miete ab 81.- pro Monat<\/strong><\/p>\n\n\n\n<figure class=\"wp-block-embed is-type-video is-provider-youtube wp-block-embed-youtube wp-embed-aspect-16-9 wp-has-aspect-ratio\"><div class=\"wp-block-embed__wrapper\">\n<iframe loading=\"lazy\" title=\"Showcase Angespielt - Roland HP702\" width=\"780\" height=\"439\" src=\"https:\/\/www.youtube.com\/embed\/mp6A7Eu4tP8?feature=oembed\" frameborder=\"0\" allow=\"accelerometer; autoplay; clipboard-write; encrypted-media; gyroscope; picture-in-picture; web-share\" referrerpolicy=\"strict-origin-when-cross-origin\" allowfullscreen><\/iframe>\n<\/div><\/figure>\n\n\n\n<p class=\"has-black-color has-text-color has-link-color has-x-large-font-size wp-elements-a1d8a7d8ab4014e9093ac158fbe5cf2e\"><strong>Roland HP 704 Miete ab 95.- pro Monat<\/strong><\/p>\n\n\n\n<figure class=\"wp-block-embed is-type-video is-provider-youtube wp-block-embed-youtube wp-embed-aspect-16-9 wp-has-aspect-ratio\"><div class=\"wp-block-embed__wrapper\">\n<iframe loading=\"lazy\" title=\"Showcase Angespielt - Roland HP704\" width=\"780\" height=\"439\" src=\"https:\/\/www.youtube.com\/embed\/9RVDzIArOCY?feature=oembed\" frameborder=\"0\" allow=\"accelerometer; autoplay; clipboard-write; encrypted-media; gyroscope; picture-in-picture; web-share\" referrerpolicy=\"strict-origin-when-cross-origin\" allowfullscreen><\/iframe>\n<\/div><\/figure>\n\n\n\n<p class=\"has-text-align-left has-black-color has-text-color has-link-color has-x-large-font-size wp-elements-5b6ae104f71a121abcb54623dd34120d\"><strong><mark style=\"background-color:rgba(0, 0, 0, 0)\" class=\"has-inline-color has-black-color\">Das Roland TD 27 KV2 zum Sonderpreis Mieten! Jetzt nur 150.- pro Monat und beim Kauf rechnen wir euch alles an zu 100%<\/mark><\/strong><\/p>\n\n\n\n<figure class=\"wp-block-embed is-type-video is-provider-youtube wp-block-embed-youtube wp-embed-aspect-16-9 wp-has-aspect-ratio\"><div class=\"wp-block-embed__wrapper\">\n<iframe loading=\"lazy\" title=\"Roland V-Drums TD-27KV2 and VAD504 \/ VAD507 Overview\" width=\"780\" height=\"439\" src=\"https:\/\/www.youtube.com\/embed\/WKNMb9WsGro?feature=oembed\" frameborder=\"0\" allow=\"accelerometer; autoplay; clipboard-write; encrypted-media; gyroscope; picture-in-picture; web-share\" referrerpolicy=\"strict-origin-when-cross-origin\" allowfullscreen><\/iframe>\n<\/div><\/figure>\n\n\n\n<div class=\"wp-block-cover is-light\" style=\"min-height:1010px;aspect-ratio:unset;\"><img loading=\"lazy\" decoding=\"async\" width=\"1024\" height=\"810\" class=\"wp-block-cover__image-background wp-image-854\" alt=\"\" src=\"https:\/\/www.musikhaus-ammann.ch\/wp\/wp-content\/uploads\/2023\/07\/il_1588xN.2345560058_aij8.jpg-1024x810.webp\" data-object-fit=\"cover\" srcset=\"https:\/\/www.musikhaus-ammann.ch\/wp\/wp-content\/uploads\/2023\/07\/il_1588xN.2345560058_aij8.jpg-1024x810.webp 1024w, https:\/\/www.musikhaus-ammann.ch\/wp\/wp-content\/uploads\/2023\/07\/il_1588xN.2345560058_aij8.jpg-300x237.webp 300w, https:\/\/www.musikhaus-ammann.ch\/wp\/wp-content\/uploads\/2023\/07\/il_1588xN.2345560058_aij8.jpg-768x607.webp 768w, https:\/\/www.musikhaus-ammann.ch\/wp\/wp-content\/uploads\/2023\/07\/il_1588xN.2345560058_aij8.jpg-1536x1215.webp 1536w, https:\/\/www.musikhaus-ammann.ch\/wp\/wp-content\/uploads\/2023\/07\/il_1588xN.2345560058_aij8.jpg.webp 1588w\" sizes=\"auto, (max-width: 1024px) 100vw, 1024px\" \/><span aria-hidden=\"true\" class=\"wp-block-cover__background has-white-background-color has-background-dim\"><\/span><div class=\"wp-block-cover__inner-container is-layout-flow wp-block-cover-is-layout-flow\">\n<p class=\"has-text-align-center has-black-color has-text-color\" style=\"font-size:44px\">Wir haben alles was ihr braucht, wir machen mit dir Musik! Egal ob du Fl\u00f6te, Klavier, Saxophon, Schlagzeug oder Gitarre lernen m\u00f6chtest, wir finden das passende Instrument f\u00fcr dich. Es sind interessante Miet-Kauf Optionen in allen Bereichen m\u00f6glich. Komm vorbei, ich freue mich auf Dich.  <\/p>\n<\/div><\/div>\n\n\n\n<p><\/p>\n\n\n\n<p><\/p>\n\n\n\n<p><\/p>\n\n\n\n<p class=\"has-black-color has-text-color has-link-color has-x-large-font-size wp-elements-27b993376305e0f9c53dc150bb845eb5\">Die neuen Yamaha Keyboard sind da PSR SX 720 und 920 wir haben sie ab Lager f\u00fcr euch!<\/p>\n\n\n\n<figure class=\"wp-block-gallery has-nested-images columns-default is-cropped wp-block-gallery-1 is-layout-flex wp-block-gallery-is-layout-flex\">\n<figure class=\"wp-block-image size-large is-style-rounded\"><a href=\"https:\/\/www.musikhaus-ammann.ch\/wp\/wp-content\/uploads\/2024\/09\/PSR-SX720_KV_01_05a48c8dd761edb96bcb7d2e8db7ea98.png.webp\"><img loading=\"lazy\" decoding=\"async\" width=\"1024\" height=\"410\" data-id=\"899\" src=\"https:\/\/www.musikhaus-ammann.ch\/wp\/wp-content\/uploads\/2024\/09\/PSR-SX720_KV_01_05a48c8dd761edb96bcb7d2e8db7ea98.png-1024x410.webp\" alt=\"\" class=\"wp-image-899\" srcset=\"https:\/\/www.musikhaus-ammann.ch\/wp\/wp-content\/uploads\/2024\/09\/PSR-SX720_KV_01_05a48c8dd761edb96bcb7d2e8db7ea98.png-1024x410.webp 1024w, https:\/\/www.musikhaus-ammann.ch\/wp\/wp-content\/uploads\/2024\/09\/PSR-SX720_KV_01_05a48c8dd761edb96bcb7d2e8db7ea98.png-300x120.webp 300w, https:\/\/www.musikhaus-ammann.ch\/wp\/wp-content\/uploads\/2024\/09\/PSR-SX720_KV_01_05a48c8dd761edb96bcb7d2e8db7ea98.png-768x307.webp 768w, https:\/\/www.musikhaus-ammann.ch\/wp\/wp-content\/uploads\/2024\/09\/PSR-SX720_KV_01_05a48c8dd761edb96bcb7d2e8db7ea98.png-1536x614.webp 1536w, https:\/\/www.musikhaus-ammann.ch\/wp\/wp-content\/uploads\/2024\/09\/PSR-SX720_KV_01_05a48c8dd761edb96bcb7d2e8db7ea98.png-2048x819.webp 2048w\" sizes=\"auto, (max-width: 1024px) 100vw, 1024px\" \/><\/a><\/figure>\n\n\n\n<figure class=\"wp-block-image size-large is-style-rounded\"><a href=\"https:\/\/www.musikhaus-ammann.ch\/wp\/wp-content\/uploads\/2024\/09\/PSR-SX_Welcome_KV_55843721c734e4647173c588b403af7d.png.jpeg\"><img loading=\"lazy\" decoding=\"async\" width=\"1024\" height=\"410\" data-id=\"898\" src=\"https:\/\/www.musikhaus-ammann.ch\/wp\/wp-content\/uploads\/2024\/09\/PSR-SX_Welcome_KV_55843721c734e4647173c588b403af7d.png-1024x410.jpeg\" alt=\"\" class=\"wp-image-898\" srcset=\"https:\/\/www.musikhaus-ammann.ch\/wp\/wp-content\/uploads\/2024\/09\/PSR-SX_Welcome_KV_55843721c734e4647173c588b403af7d.png-1024x410.jpeg 1024w, https:\/\/www.musikhaus-ammann.ch\/wp\/wp-content\/uploads\/2024\/09\/PSR-SX_Welcome_KV_55843721c734e4647173c588b403af7d.png-300x120.jpeg 300w, https:\/\/www.musikhaus-ammann.ch\/wp\/wp-content\/uploads\/2024\/09\/PSR-SX_Welcome_KV_55843721c734e4647173c588b403af7d.png-768x307.jpeg 768w, https:\/\/www.musikhaus-ammann.ch\/wp\/wp-content\/uploads\/2024\/09\/PSR-SX_Welcome_KV_55843721c734e4647173c588b403af7d.png-1536x614.jpeg 1536w, https:\/\/www.musikhaus-ammann.ch\/wp\/wp-content\/uploads\/2024\/09\/PSR-SX_Welcome_KV_55843721c734e4647173c588b403af7d.png-2048x819.jpeg 2048w\" sizes=\"auto, (max-width: 1024px) 100vw, 1024px\" \/><\/a><\/figure>\n<\/figure>\n\n\n\n<p class=\"has-black-color has-text-color has-link-color has-x-large-font-size wp-elements-c95ddd43d87433d823dbd501d644f569\">Das neu Nord Grand 2 ist da und wir haben es an Lager!!!<\/p>\n\n\n\n<figure class=\"wp-block-embed is-type-rich is-provider-handler-einbetten wp-block-embed-handler-einbetten wp-embed-aspect-16-9 wp-has-aspect-ratio\"><div class=\"wp-block-embed__wrapper\">\n<iframe loading=\"lazy\" title=\"Introducing the Nord Grand 2 - teaser\" width=\"780\" height=\"439\" src=\"https:\/\/www.youtube.com\/embed\/9IffvY8aKWM?feature=oembed\" frameborder=\"0\" allow=\"accelerometer; autoplay; clipboard-write; encrypted-media; gyroscope; picture-in-picture; web-share\" referrerpolicy=\"strict-origin-when-cross-origin\" allowfullscreen><\/iframe>\n<\/div><\/figure>\n\n\n\n<p><\/p>\n\n\n\n<figure class=\"wp-block-image size-full is-resized\"><a href=\"http:\/\/www.musikhaus-ammann.ch\/wp\/wp-content\/uploads\/2023\/03\/Film.090053.MCI_.MusikundPianohausHAmmann.mp4\"><img decoding=\"async\" src=\"http:\/\/www.musikhaus-ammann.ch\/wp\/wp-content\/uploads\/2023\/03\/Film.090053.MCI_.MusikundPianohausHAmmann.mp4\" alt=\"\" class=\"wp-image-841\" style=\"width:843px;height:474px\"\/><\/a><\/figure>\n\n\n\n<p><\/p>\n\n\n\n<p><\/p>\n\n\n\n<p class=\"has-black-color has-text-color has-x-large-font-size\"><strong>Wir suchen per sofort eine\/en<\/strong><\/p>\n\n\n\n<p class=\"has-black-color has-text-color\"><strong>Detailhandel, Allrounder\/in f\u00fcr allgemeine B\u00fcroarbeiten und Mithilfe im Verkauf<\/strong><\/p>\n\n\n\n<p class=\"has-black-color has-text-color\">Sie sind f\u00fcr die Kundenbetreuung, f\u00fcr den Einkauf und Verkauf von A-Z zust\u00e4ndig und unterst\u00fctzen kompetent den administrativen Bereich. Sie haben telefonischen, pers\u00f6nlichen und schriftlichen Kontakt mit den Kunden und organisieren Klavierstimmungen in der ganzen Deutschschweiz. Zudem erstellen Sie Statistiken, Offerten, Rechnungen und diverse Korrespondenzen.<\/p>\n\n\n\n<p class=\"has-black-color has-text-color\">Sie bringen neben einer abgeschlossenen Ausbildung im Verkauf oder B\u00fcro, Verkaufserfahrungen oder B\u00fcroerfahrungen mit, haben Erfahrung in der Musikbranche oder spielen ein Instrument.&nbsp;<\/p>\n\n\n\n<p class=\"has-black-color has-text-color\">Sind Sie zudem belastbar und flexibel und lieben selbst\u00e4ndiges Arbeiten, dann sind Sie bei uns genau richtig. Wir bieten ein kleines Team mit attraktiven Anstellungsbedingungen, interessante, vielseitige T\u00e4tigkeit f\u00fcr selbst\u00e4ndige und exakt arbeitende Personen.<\/p>\n\n\n\n<p class=\"has-black-color has-text-color\">Ich freue mich auf eure Bewerbungen<\/p>\n\n\n\n<p class=\"has-black-color has-text-color\">Liebe Gr\u00fcsse Michael Ammann<\/p>\n\n\n\n<p class=\"has-black-color has-text-color\"><\/p>\n\n\n\n<p class=\"has-black-color has-text-color has-x-large-font-size\"><strong>Das Nord Stage 4 88 ist da und wir haben es direkt ab Lager lieferbar! Komm vorbei<\/strong><\/p>\n\n\n\n<p class=\"has-black-color has-text-color\"><img loading=\"lazy\" decoding=\"async\" width=\"1200\" height=\"675\" class=\"wp-image-835\" style=\"width: 1200px;\" src=\"http:\/\/www.musikhaus-ammann.ch\/wp\/wp-content\/uploads\/2023\/03\/BC394BFE-6075-429C-A9BF-D4C9583DA921.jpeg\" alt=\"\" srcset=\"https:\/\/www.musikhaus-ammann.ch\/wp\/wp-content\/uploads\/2023\/03\/BC394BFE-6075-429C-A9BF-D4C9583DA921.jpeg 1600w, https:\/\/www.musikhaus-ammann.ch\/wp\/wp-content\/uploads\/2023\/03\/BC394BFE-6075-429C-A9BF-D4C9583DA921-300x169.jpeg 300w, https:\/\/www.musikhaus-ammann.ch\/wp\/wp-content\/uploads\/2023\/03\/BC394BFE-6075-429C-A9BF-D4C9583DA921-1024x576.jpeg 1024w, https:\/\/www.musikhaus-ammann.ch\/wp\/wp-content\/uploads\/2023\/03\/BC394BFE-6075-429C-A9BF-D4C9583DA921-768x432.jpeg 768w, https:\/\/www.musikhaus-ammann.ch\/wp\/wp-content\/uploads\/2023\/03\/BC394BFE-6075-429C-A9BF-D4C9583DA921-1536x864.jpeg 1536w\" sizes=\"auto, (max-width: 1200px) 100vw, 1200px\" \/><\/p>\n","protected":false},"excerpt":{"rendered":"<p>Die neu Kawai Novus Serie ist da! Wir haben das Kawai NV6 und das Kawai NV12 f\u00fcr euch in der [&hellip;]<\/p>\n","protected":false},"author":1,"featured_media":0,"parent":0,"menu_order":0,"comment_status":"closed","ping_status":"closed","template":"","meta":{"footnotes":""},"class_list":["post-712","page","type-page","status-publish","hentry"],"_links":{"self":[{"href":"https:\/\/www.musikhaus-ammann.ch\/index.php?rest_route=\/wp\/v2\/pages\/712","targetHints":{"allow":["GET"]}}],"collection":[{"href":"https:\/\/www.musikhaus-ammann.ch\/index.php?rest_route=\/wp\/v2\/pages"}],"about":[{"href":"https:\/\/www.musikhaus-ammann.ch\/index.php?rest_route=\/wp\/v2\/types\/page"}],"author":[{"embeddable":true,"href":"https:\/\/www.musikhaus-ammann.ch\/index.php?rest_route=\/wp\/v2\/users\/1"}],"replies":[{"embeddable":true,"href":"https:\/\/www.musikhaus-ammann.ch\/index.php?rest_route=%2Fwp%2Fv2%2Fcomments&post=712"}],"version-history":[{"count":73,"href":"https:\/\/www.musikhaus-ammann.ch\/index.php?rest_route=\/wp\/v2\/pages\/712\/revisions"}],"predecessor-version":[{"id":970,"href":"https:\/\/www.musikhaus-ammann.ch\/index.php?rest_route=\/wp\/v2\/pages\/712\/revisions\/970"}],"wp:attachment":[{"href":"https:\/\/www.musikhaus-ammann.ch\/index.php?rest_route=%2Fwp%2Fv2%2Fmedia&parent=712"}],"curies":[{"name":"wp","href":"https:\/\/api.w.org\/{rel}","templated":true}]}}