{"id":4,"date":"2017-04-07T13:25:41","date_gmt":"2017-04-07T13:25:41","guid":{"rendered":"http:\/\/www.musikhaus-ammann.ch\/wp\/?page_id=4"},"modified":"2017-07-07T06:44:15","modified_gmt":"2017-07-07T06:44:15","slug":"ueber-uns","status":"publish","type":"page","link":"https:\/\/www.musikhaus-ammann.ch\/?page_id=4","title":{"rendered":"\u00dcber uns"},"content":{"rendered":"<p><span style=\"color: #ffffff; font-family: Calibri;\">Am 26. November 1981 er\u00f6ffnete Hans Ammann das Fachgesch\u00e4ft f\u00fcr Tasteninstrumente im Haslim\u00e4rt in Niederhasli. Seit April 1995 ist das Gesch\u00e4ft an der Stationsstrasse 2 (direkt beim Bahnhof) in 8155 Niederhasli angesiedelt. Das alte Gesch\u00e4fts- und Wohnhaus hatte eine Modernisierung n\u00f6tig. Dies gab uns die Gelegenheit das Sortiment und die Verkaufsr\u00e4ume neu zu gestalten. Nach einer l\u00e4ngeren Umbauphase konnten wir im Jahre 2008 die Pforten des neuen Ladenlokals \u00f6ffnen. In diesem k\u00f6nnen wir jetzt noch mehr Produkte und Instrumente pr\u00e4sentieren. Die bereits umfangreiche Fl\u00fcgel- und Klavierausstellung wurde weiter vergr\u00f6ssert.\u00a0<\/span><\/p>\n<p><span style=\"color: #ffffff; font-family: Calibri;\">In den vergangenen 35 Jahren hat sich das Musikhaus eine grosse Stammkundschaft erworben und ist in der ganzen Schweiz f\u00fcr seinen guten, kundenorientierten Service bekannt. Im Laden beraten wir Sie fachm\u00e4nnisch und unterst\u00fctzen Sie gerne bei der Umsetzung Ihrer W\u00fcnsche und Bed\u00fcrfnisse. Das Qualit\u00e4tsniveau in Beratung und Support ist uns sehr wichtig.<\/span><\/p>\n<p><span style=\"color: #ffffff; font-family: Calibri;\">\u00a0In Musikerkreisen wird der Stimmservice vom Klavierbauer-Meister Hans Ammann besonders gesch\u00e4tzt. In diesem Bereich wird er seit 2014 von Herr Andreas Schmid professionell unterst\u00fctzt.<\/span><\/p>\n<p><span style=\"color: #ffffff; font-family: Calibri;\">\u00a0Reparaturen, Revisionen und auch die Restauration von Oberfl\u00e4chen werden in der ebenfalls erweiterten, eigenen Werkstatt fachgerecht und sorgf\u00e4ltig ausgef\u00fchrt.<\/span><\/p>\n<p><span style=\"color: #ffffff; font-family: Calibri;\">\u00a0Seit der Neuer\u00f6ffnung wird unser Musikhaus von Michael Ammann tatkr\u00e4ftig unterst\u00fctzt. Als perfekter Allrounder ist er in allen Bereichen f\u00fcr Sie im Einsatz und gew\u00e4hrleistet auch den \u00e4usserst sorgf\u00e4ltigen Transport der Instrumente zum Kunden.<\/span><\/p>\n<p><span style=\"color: #ffffff; font-family: Calibri;\">\u00a0F\u00fcr den Verkauf und die Administration ist unsere gesch\u00e4tzte Frau Tanja Grana-Tremp zust\u00e4ndig.<\/span><\/p>\n<p>&nbsp;<\/p>\n<p>&nbsp;<\/p>\n<p><span style=\"color: #ffffff;\">Wir freuen uns auf Ihren Besuch!<\/span><\/p>\n<p>&nbsp;<\/p>\n","protected":false},"excerpt":{"rendered":"<p>Am 26. November 1981 er\u00f6ffnete Hans Ammann das Fachgesch\u00e4ft f\u00fcr Tasteninstrumente im Haslim\u00e4rt in Niederhasli. Seit April 1995 ist das [&hellip;]<\/p>\n","protected":false},"author":1,"featured_media":0,"parent":0,"menu_order":0,"comment_status":"closed","ping_status":"closed","template":"","meta":{"footnotes":""},"class_list":["post-4","page","type-page","status-publish","hentry"],"_links":{"self":[{"href":"https:\/\/www.musikhaus-ammann.ch\/index.php?rest_route=\/wp\/v2\/pages\/4","targetHints":{"allow":["GET"]}}],"collection":[{"href":"https:\/\/www.musikhaus-ammann.ch\/index.php?rest_route=\/wp\/v2\/pages"}],"about":[{"href":"https:\/\/www.musikhaus-ammann.ch\/index.php?rest_route=\/wp\/v2\/types\/page"}],"author":[{"embeddable":true,"href":"https:\/\/www.musikhaus-ammann.ch\/index.php?rest_route=\/wp\/v2\/users\/1"}],"replies":[{"embeddable":true,"href":"https:\/\/www.musikhaus-ammann.ch\/index.php?rest_route=%2Fwp%2Fv2%2Fcomments&post=4"}],"version-history":[{"count":3,"href":"https:\/\/www.musikhaus-ammann.ch\/index.php?rest_route=\/wp\/v2\/pages\/4\/revisions"}],"predecessor-version":[{"id":446,"href":"https:\/\/www.musikhaus-ammann.ch\/index.php?rest_route=\/wp\/v2\/pages\/4\/revisions\/446"}],"wp:attachment":[{"href":"https:\/\/www.musikhaus-ammann.ch\/index.php?rest_route=%2Fwp%2Fv2%2Fmedia&parent=4"}],"curies":[{"name":"wp","href":"https:\/\/api.w.org\/{rel}","templated":true}]}}