{"id":77,"date":"2017-04-08T10:10:26","date_gmt":"2017-04-08T10:10:26","guid":{"rendered":"http:\/\/www.musikhaus-ammann.ch\/wp\/?page_id=77"},"modified":"2021-03-16T09:56:52","modified_gmt":"2021-03-16T09:56:52","slug":"stimmungen","status":"publish","type":"page","link":"http:\/\/www.musikhaus-ammann.ch\/?page_id=77","title":{"rendered":"Stimmungen"},"content":{"rendered":"<p>Das Klavier ben\u00f6tigt einen regelm\u00e4ssigen Service und sollte halbj\u00e4hrlich oder zumindest 1 Mal im Jahr gestimmt werden.<\/p>\n<p>Weit bekannt ist unser Stimmservice auch in K\u00fcnstlerkreisen f\u00fcr Konzerte, die der Klavierbauermeister Hans Ammann \u00a0pers\u00f6nlich \u00fcbernimmt. Um einen l\u00fcckenlosen Service zu garantieren, steht uns seit 2014 Andreas Schmid zur Seite, der ebenfalls ein erfahrener Klavierbauer mit viel Leidenschaft ist.<\/p>\n<p>Falls bei Ihnen ein Ton mal schief h\u00e4ngen sollte, d\u00fcrfen Sie sich gerne bei uns melden um einen Termin zu vereinbaren.<\/p>\n<p>044\/850 40 22<\/p>\n<p><a href=\"http:\/\/www.musikhaus-ammann.ch\/wp\/wp-content\/uploads\/2017\/04\/Plattennase.jpg\"><img loading=\"lazy\" decoding=\"async\" class=\"alignright wp-image-223\" src=\"http:\/\/www.musikhaus-ammann.ch\/wp\/wp-content\/uploads\/2017\/04\/Plattennase-300x225.jpg\" alt=\"\" width=\"437\" height=\"327\" srcset=\"http:\/\/www.musikhaus-ammann.ch\/wp\/wp-content\/uploads\/2017\/04\/Plattennase-300x225.jpg 300w, http:\/\/www.musikhaus-ammann.ch\/wp\/wp-content\/uploads\/2017\/04\/Plattennase.jpg 450w\" sizes=\"auto, (max-width: 437px) 100vw, 437px\" \/><\/a><\/p>\n","protected":false},"excerpt":{"rendered":"<p>Das Klavier ben\u00f6tigt einen regelm\u00e4ssigen Service und sollte halbj\u00e4hrlich oder zumindest 1 Mal im Jahr gestimmt werden. Weit bekannt ist [&hellip;]<\/p>\n","protected":false},"author":1,"featured_media":0,"parent":15,"menu_order":0,"comment_status":"closed","ping_status":"closed","template":"","meta":{"footnotes":""},"class_list":["post-77","page","type-page","status-publish","hentry"],"_links":{"self":[{"href":"http:\/\/www.musikhaus-ammann.ch\/index.php?rest_route=\/wp\/v2\/pages\/77","targetHints":{"allow":["GET"]}}],"collection":[{"href":"http:\/\/www.musikhaus-ammann.ch\/index.php?rest_route=\/wp\/v2\/pages"}],"about":[{"href":"http:\/\/www.musikhaus-ammann.ch\/index.php?rest_route=\/wp\/v2\/types\/page"}],"author":[{"embeddable":true,"href":"http:\/\/www.musikhaus-ammann.ch\/index.php?rest_route=\/wp\/v2\/users\/1"}],"replies":[{"embeddable":true,"href":"http:\/\/www.musikhaus-ammann.ch\/index.php?rest_route=%2Fwp%2Fv2%2Fcomments&post=77"}],"version-history":[{"count":5,"href":"http:\/\/www.musikhaus-ammann.ch\/index.php?rest_route=\/wp\/v2\/pages\/77\/revisions"}],"predecessor-version":[{"id":764,"href":"http:\/\/www.musikhaus-ammann.ch\/index.php?rest_route=\/wp\/v2\/pages\/77\/revisions\/764"}],"up":[{"embeddable":true,"href":"http:\/\/www.musikhaus-ammann.ch\/index.php?rest_route=\/wp\/v2\/pages\/15"}],"wp:attachment":[{"href":"http:\/\/www.musikhaus-ammann.ch\/index.php?rest_route=%2Fwp%2Fv2%2Fmedia&parent=77"}],"curies":[{"name":"wp","href":"https:\/\/api.w.org\/{rel}","templated":true}]}}

<p>Das Klavier benötigt einen regelmässigen Service und sollte halbjährlich oder zumindest 1 Mal im Jahr gestimmt werden.</p>
<p>Weit bekannt ist unser Stimmservice auch in Künstlerkreisen für Konzerte, die der Klavierbauermeister Hans Ammann  persönlich übernimmt. Um einen lückenlosen Service zu garantieren, steht uns seit 2014 Andreas Schmid zur Seite, der ebenfalls ein erfahrener Klavierbauer mit viel Leidenschaft ist.</p>
<p>Falls bei Ihnen ein Ton mal schief hängen sollte, dürfen Sie sich gerne bei uns melden um einen Termin zu vereinbaren.</p>
<p>044/850 40 22</p>
<p><a href="http://www.musikhaus-ammann.ch/wp/wp-content/uploads/2017/04/Plattennase.jpg"><img loading="lazy" decoding="async" class="alignright wp-image-223" src="http://www.musikhaus-ammann.ch/wp/wp-content/uploads/2017/04/Plattennase-300x225.jpg" alt="" width="437" height="327" srcset="http://www.musikhaus-ammann.ch/wp/wp-content/uploads/2017/04/Plattennase-300x225.jpg 300w, http://www.musikhaus-ammann.ch/wp/wp-content/uploads/2017/04/Plattennase.jpg 450w" sizes="auto, (max-width: 437px) 100vw, 437px" /></a></p>

<p>Das Klavier benötigt einen regelmässigen Service und sollte halbjährlich oder zumindest 1 Mal im Jahr gestimmt werden. Weit bekannt ist [&hellip;]</p>
