{"id":62,"date":"2017-04-08T09:15:47","date_gmt":"2017-04-08T09:15:47","guid":{"rendered":"http:\/\/www.musikhaus-ammann.ch\/wp\/?page_id=62"},"modified":"2023-05-17T09:26:01","modified_gmt":"2023-05-17T09:26:01","slug":"klaviere","status":"publish","type":"page","link":"http:\/\/www.musikhaus-ammann.ch\/?page_id=62","title":{"rendered":"Klaviere"},"content":{"rendered":"<p><span style=\"color: #000000;\">Sie sind auf der Suche nach einem passenden Instrument f\u00fcr Sie oder Ihre Kinder?<\/span><\/p>\n<p><span style=\"color: #000000;\">In unserer grossz\u00fcgigen Ausstellung, die sich \u00fcber zwei Ebenen verteilt und mit ca. 130 Klavieren best\u00fcckt ist, werden wir bestimmt Ihr zuk\u00fcnftiges Instrument finden. Neben der grossen Auswahl an neuen Instrumenten, sind auch immer eine grosse Anzahl Occasionen am Lager. Ob Sie sich f\u00fcr einen Kauf oder erst einmal f\u00fcr eine Miete Ihres Trauminstruments entscheiden \u00fcberlassen wir Ihnen. Es darf bei uns alles zuerst gemietet werden und es besteht auch kein Kaufzwang. Die Mieten werden Ihnen bei einem Kauf zu 100% gutgeschrieben. Gerne lade ich Sie auf einen Besuch in unsere Ausstellung ein.<\/span><\/p>\n<p><span style=\"color: #000000;\">Unsere Marken:<\/span><\/p>\n<ul>\n<li><a href=\"https:\/\/ch.yamaha.com\/de\/products\/musical_instruments\/pianos\/upright_pianos\/index.html\">Yamaha<\/a><\/li>\n<li><a href=\"http:\/\/www.seiler-pianos.de\/pianos\/\">Seiler<br \/>\n<\/a><\/li>\n<li><a href=\"http:\/\/www.bechstein.com\/fluegel-klaviere\/\/klaviere\/\">C.Bechstein<\/a><\/li>\n<li><a href=\"http:\/\/www.steingraeber.de\/deutsch\/instrumente_673.html\">Steingr\u00e4ber&amp;S\u00f6hne<br \/>\n<\/a><\/li>\n<li>Schmidt Flohr<\/li>\n<li><a href=\"http:\/\/www.wilhsteinberg.de\/de\/\">Steinberg<\/a><\/li>\n<li><a href=\"http:\/\/www.roenisch-pianos.de\/klaviere-118er.html\">R\u00f6nisch<\/a><\/li>\n<li><a href=\"http:\/\/www.grotrian.de\/instrumente\/klaviere\/\">Grotrian Steinweg<\/a><\/li>\n<li>andere Marken auf Anfrage<\/li>\n<\/ul>\n<p><a href=\"http:\/\/www.musikhaus-ammann.ch\/wp\/wp-content\/uploads\/2017\/04\/011_B_SU_Series_1200_800_1200x480_770c4100442398b94d7ead353028492e.jpg\"><img loading=\"lazy\" decoding=\"async\" class=\"alignright  wp-image-213\" src=\"http:\/\/www.musikhaus-ammann.ch\/wp\/wp-content\/uploads\/2017\/04\/011_B_SU_Series_1200_800_1200x480_770c4100442398b94d7ead353028492e-300x120.jpg\" alt=\"\" width=\"915\" height=\"366\" srcset=\"http:\/\/www.musikhaus-ammann.ch\/wp\/wp-content\/uploads\/2017\/04\/011_B_SU_Series_1200_800_1200x480_770c4100442398b94d7ead353028492e-300x120.jpg 300w, http:\/\/www.musikhaus-ammann.ch\/wp\/wp-content\/uploads\/2017\/04\/011_B_SU_Series_1200_800_1200x480_770c4100442398b94d7ead353028492e-600x240.jpg 600w, http:\/\/www.musikhaus-ammann.ch\/wp\/wp-content\/uploads\/2017\/04\/011_B_SU_Series_1200_800_1200x480_770c4100442398b94d7ead353028492e-768x307.jpg 768w, http:\/\/www.musikhaus-ammann.ch\/wp\/wp-content\/uploads\/2017\/04\/011_B_SU_Series_1200_800_1200x480_770c4100442398b94d7ead353028492e-1024x410.jpg 1024w, http:\/\/www.musikhaus-ammann.ch\/wp\/wp-content\/uploads\/2017\/04\/011_B_SU_Series_1200_800_1200x480_770c4100442398b94d7ead353028492e.jpg 1200w\" sizes=\"auto, (max-width: 915px) 100vw, 915px\" \/><\/a><\/p>\n","protected":false},"excerpt":{"rendered":"<p>Sie sind auf der Suche nach einem passenden Instrument f\u00fcr Sie oder Ihre Kinder? In unserer grossz\u00fcgigen Ausstellung, die sich [&hellip;]<\/p>\n","protected":false},"author":1,"featured_media":0,"parent":55,"menu_order":0,"comment_status":"closed","ping_status":"closed","template":"","meta":{"footnotes":""},"class_list":["post-62","page","type-page","status-publish","hentry"],"_links":{"self":[{"href":"http:\/\/www.musikhaus-ammann.ch\/index.php?rest_route=\/wp\/v2\/pages\/62","targetHints":{"allow":["GET"]}}],"collection":[{"href":"http:\/\/www.musikhaus-ammann.ch\/index.php?rest_route=\/wp\/v2\/pages"}],"about":[{"href":"http:\/\/www.musikhaus-ammann.ch\/index.php?rest_route=\/wp\/v2\/types\/page"}],"author":[{"embeddable":true,"href":"http:\/\/www.musikhaus-ammann.ch\/index.php?rest_route=\/wp\/v2\/users\/1"}],"replies":[{"embeddable":true,"href":"http:\/\/www.musikhaus-ammann.ch\/index.php?rest_route=%2Fwp%2Fv2%2Fcomments&post=62"}],"version-history":[{"count":4,"href":"http:\/\/www.musikhaus-ammann.ch\/index.php?rest_route=\/wp\/v2\/pages\/62\/revisions"}],"predecessor-version":[{"id":844,"href":"http:\/\/www.musikhaus-ammann.ch\/index.php?rest_route=\/wp\/v2\/pages\/62\/revisions\/844"}],"up":[{"embeddable":true,"href":"http:\/\/www.musikhaus-ammann.ch\/index.php?rest_route=\/wp\/v2\/pages\/55"}],"wp:attachment":[{"href":"http:\/\/www.musikhaus-ammann.ch\/index.php?rest_route=%2Fwp%2Fv2%2Fmedia&parent=62"}],"curies":[{"name":"wp","href":"https:\/\/api.w.org\/{rel}","templated":true}]}}

<p><span style="color: #000000;">Sie sind auf der Suche nach einem passenden Instrument für Sie oder Ihre Kinder?</span></p>
<p><span style="color: #000000;">In unserer grosszügigen Ausstellung, die sich über zwei Ebenen verteilt und mit ca. 130 Klavieren bestückt ist, werden wir bestimmt Ihr zukünftiges Instrument finden. Neben der grossen Auswahl an neuen Instrumenten, sind auch immer eine grosse Anzahl Occasionen am Lager. Ob Sie sich für einen Kauf oder erst einmal für eine Miete Ihres Trauminstruments entscheiden überlassen wir Ihnen. Es darf bei uns alles zuerst gemietet werden und es besteht auch kein Kaufzwang. Die Mieten werden Ihnen bei einem Kauf zu 100% gutgeschrieben. Gerne lade ich Sie auf einen Besuch in unsere Ausstellung ein.</span></p>
<p><span style="color: #000000;">Unsere Marken:</span></p>
<ul>
<li><a href="https://ch.yamaha.com/de/products/musical_instruments/pianos/upright_pianos/index.html">Yamaha</a></li>
<li><a href="http://www.seiler-pianos.de/pianos/">Seiler<br />
</a></li>
<li><a href="http://www.bechstein.com/fluegel-klaviere//klaviere/">C.Bechstein</a></li>
<li><a href="http://www.steingraeber.de/deutsch/instrumente_673.html">Steingräber&amp;Söhne<br />
</a></li>
<li>Schmidt Flohr</li>
<li><a href="http://www.wilhsteinberg.de/de/">Steinberg</a></li>
<li><a href="http://www.roenisch-pianos.de/klaviere-118er.html">Rönisch</a></li>
<li><a href="http://www.grotrian.de/instrumente/klaviere/">Grotrian Steinweg</a></li>
<li>andere Marken auf Anfrage</li>
</ul>
<p><a href="http://www.musikhaus-ammann.ch/wp/wp-content/uploads/2017/04/011_B_SU_Series_1200_800_1200x480_770c4100442398b94d7ead353028492e.jpg"><img loading="lazy" decoding="async" class="alignright  wp-image-213" src="http://www.musikhaus-ammann.ch/wp/wp-content/uploads/2017/04/011_B_SU_Series_1200_800_1200x480_770c4100442398b94d7ead353028492e-300x120.jpg" alt="" width="915" height="366" srcset="http://www.musikhaus-ammann.ch/wp/wp-content/uploads/2017/04/011_B_SU_Series_1200_800_1200x480_770c4100442398b94d7ead353028492e-300x120.jpg 300w, http://www.musikhaus-ammann.ch/wp/wp-content/uploads/2017/04/011_B_SU_Series_1200_800_1200x480_770c4100442398b94d7ead353028492e-600x240.jpg 600w, http://www.musikhaus-ammann.ch/wp/wp-content/uploads/2017/04/011_B_SU_Series_1200_800_1200x480_770c4100442398b94d7ead353028492e-768x307.jpg 768w, http://www.musikhaus-ammann.ch/wp/wp-content/uploads/2017/04/011_B_SU_Series_1200_800_1200x480_770c4100442398b94d7ead353028492e-1024x410.jpg 1024w, http://www.musikhaus-ammann.ch/wp/wp-content/uploads/2017/04/011_B_SU_Series_1200_800_1200x480_770c4100442398b94d7ead353028492e.jpg 1200w" sizes="auto, (max-width: 915px) 100vw, 915px" /></a></p>

<p>Sie sind auf der Suche nach einem passenden Instrument für Sie oder Ihre Kinder? In unserer grosszügigen Ausstellung, die sich [&hellip;]</p>
