{"id":195,"date":"2017-04-11T16:09:14","date_gmt":"2017-04-11T16:09:14","guid":{"rendered":"http:\/\/www.musikhaus-ammann.ch\/wp\/?page_id=195"},"modified":"2022-10-20T09:38:32","modified_gmt":"2022-10-20T09:38:32","slug":"blasinstrumente","status":"publish","type":"page","link":"http:\/\/www.musikhaus-ammann.ch\/?page_id=195","title":{"rendered":"Blasinstrumente"},"content":{"rendered":"<p><span style=\"color: #000000;\">F\u00fcr unsere Bl\u00e4ser unter den Musikern k\u00f6nnen wir ebenfalls ein breites Sortiment an Instrumenten vorweisen.<\/span><br \/>\n<span style=\"color: #000000;\">Nicht von A bis Z aber immerhin von Amati bis Yamaha d\u00fcrfen Sie sich gerne bei uns beraten lassen um das geeignete Brass- oder Wood-Instrument f\u00fcr sich zu entdecken.<\/span><br \/>\n<span style=\"color: #000000;\">Was wir nicht an Lager haben bestellen wir sehr gerne f\u00fcr Sie innerhalb kurzer Zeit. Gerne erkl\u00e4ren wir Ihnen auch die Pflege zu Ihrem Instrument. Jegliches Zubeh\u00f6r k\u00f6nnen Sie ebenfalls bei uns erwerben.<\/span><\/p>\n<ul>\n<li><a href=\"https:\/\/ch.yamaha.com\/de\/products\/musical_instruments\/winds\/index.html\">Yamaha<\/a><\/li>\n<li><a href=\"https:\/\/int.gewamusic.com\/products\/\/?brandId=146&amp;count=24&amp;mode=grid&amp;q=search\">Bach<\/a><a href=\"https:\/\/ch.yamaha.com\/de\/products\/musical_instruments\/winds\/index.html\"><img loading=\"lazy\" decoding=\"async\" class=\"alignright wp-image-246\" src=\"http:\/\/www.musikhaus-ammann.ch\/wp\/wp-content\/uploads\/2017\/04\/20151124_Yamana33170__1200x480_54f9e8fa505612ef2a8500ebdd4744a9-300x120.jpg\" alt=\"\" width=\"510\" height=\"204\" srcset=\"http:\/\/www.musikhaus-ammann.ch\/wp\/wp-content\/uploads\/2017\/04\/20151124_Yamana33170__1200x480_54f9e8fa505612ef2a8500ebdd4744a9-300x120.jpg 300w, http:\/\/www.musikhaus-ammann.ch\/wp\/wp-content\/uploads\/2017\/04\/20151124_Yamana33170__1200x480_54f9e8fa505612ef2a8500ebdd4744a9-600x240.jpg 600w, http:\/\/www.musikhaus-ammann.ch\/wp\/wp-content\/uploads\/2017\/04\/20151124_Yamana33170__1200x480_54f9e8fa505612ef2a8500ebdd4744a9-768x307.jpg 768w, http:\/\/www.musikhaus-ammann.ch\/wp\/wp-content\/uploads\/2017\/04\/20151124_Yamana33170__1200x480_54f9e8fa505612ef2a8500ebdd4744a9-1024x410.jpg 1024w, http:\/\/www.musikhaus-ammann.ch\/wp\/wp-content\/uploads\/2017\/04\/20151124_Yamana33170__1200x480_54f9e8fa505612ef2a8500ebdd4744a9.jpg 1200w\" sizes=\"auto, (max-width: 510px) 100vw, 510px\" \/><\/a><\/li>\n<li><a href=\"https:\/\/www.heermusic.com\/shop\/index.html?stichwort=muramatsu\">Muramatsu<\/a><\/li>\n<li><a href=\"https:\/\/www.heermusic.com\/shop\/index.html?kat1_rubrik=holzblasinstrumente&amp;kat2=602&amp;kat3=603\">Yanagisawa<\/a><\/li>\n<li><a href=\"http:\/\/www.miyazawa.ch\">Miyazawa<\/a><\/li>\n<li><a href=\"http:\/\/www.core-sa.ch\">Getzen<\/a><\/li>\n<li><a href=\"http:\/\/www.core-sa.ch\">Amati<\/a><\/li>\n<li><a href=\"http:\/\/www.core-sa.ch\">Sankyo<\/a><\/li>\n<li><a href=\"http:\/\/www.core-sa.ch\">Selmer<br \/>\n<\/a><\/li>\n<li><a href=\"http:\/\/www.huber-music.ch\/cms\/index.php?id=217\">Huber\u00a0<\/a><\/li>\n<li><a href=\"http:\/\/www.kueng-blockfloeten.ch\">K\u00fcng<\/a><\/li>\n<\/ul>\n","protected":false},"excerpt":{"rendered":"<p>F\u00fcr unsere Bl\u00e4ser unter den Musikern k\u00f6nnen wir ebenfalls ein breites Sortiment an Instrumenten vorweisen. Nicht von A bis Z [&hellip;]<\/p>\n","protected":false},"author":1,"featured_media":0,"parent":70,"menu_order":0,"comment_status":"closed","ping_status":"closed","template":"","meta":{"footnotes":""},"class_list":["post-195","page","type-page","status-publish","hentry"],"_links":{"self":[{"href":"http:\/\/www.musikhaus-ammann.ch\/index.php?rest_route=\/wp\/v2\/pages\/195","targetHints":{"allow":["GET"]}}],"collection":[{"href":"http:\/\/www.musikhaus-ammann.ch\/index.php?rest_route=\/wp\/v2\/pages"}],"about":[{"href":"http:\/\/www.musikhaus-ammann.ch\/index.php?rest_route=\/wp\/v2\/types\/page"}],"author":[{"embeddable":true,"href":"http:\/\/www.musikhaus-ammann.ch\/index.php?rest_route=\/wp\/v2\/users\/1"}],"replies":[{"embeddable":true,"href":"http:\/\/www.musikhaus-ammann.ch\/index.php?rest_route=%2Fwp%2Fv2%2Fcomments&post=195"}],"version-history":[{"count":8,"href":"http:\/\/www.musikhaus-ammann.ch\/index.php?rest_route=\/wp\/v2\/pages\/195\/revisions"}],"predecessor-version":[{"id":816,"href":"http:\/\/www.musikhaus-ammann.ch\/index.php?rest_route=\/wp\/v2\/pages\/195\/revisions\/816"}],"up":[{"embeddable":true,"href":"http:\/\/www.musikhaus-ammann.ch\/index.php?rest_route=\/wp\/v2\/pages\/70"}],"wp:attachment":[{"href":"http:\/\/www.musikhaus-ammann.ch\/index.php?rest_route=%2Fwp%2Fv2%2Fmedia&parent=195"}],"curies":[{"name":"wp","href":"https:\/\/api.w.org\/{rel}","templated":true}]}}